{"id":1160,"date":"2024-06-18T17:35:30","date_gmt":"2024-06-18T17:35:30","guid":{"rendered":"https:\/\/www.centrosophia.com.mx\/academiaonline\/?post_type=product&#038;p=1160"},"modified":"2024-12-04T22:47:18","modified_gmt":"2024-12-04T22:47:18","slug":"sabiduria-ancestral-de-los-nativos-de-norteamerica","status":"publish","type":"product","link":"https:\/\/www.centrosophia.com.mx\/academiaonline\/tienda\/cursos\/sabiduria-ancestral-de-los-nativos-de-norteamerica\/","title":{"rendered":"Sabidur\u00eda ancestral de los indios de Norteam\u00e9rica"},"content":{"rendered":"<p>En este viaje de conocimiento y reflexi\u00f3n aprenderas sobre las ense\u00f1anzas ancestrales que pueden inspirar nuestra vida moderna. \u00a1Una oportunidad \u00fanica para aprender y crecer juntos!<\/p>\n<p>-Temario-<\/p>\n<ul>\n<li>El corazon de los nativos americanos<\/li>\n<li>La Tierra y sus tres mundos<\/li>\n<li>Una sociedad en armonia<\/li>\n<\/ul>\n<p>&nbsp;<\/p>\n","protected":false},"excerpt":{"rendered":"<p>En este viaje de conocimiento y reflexi\u00f3n aprenderas sobre las ense\u00f1anzas ancestrales que pueden inspirar nuestra vida moderna. \u00a1Una oportunidad &hellip; <\/p>\n","protected":false},"featured_media":1168,"comment_status":"open","ping_status":"closed","template":"","meta":[],"product_brand":[],"product_cat":[103],"product_tag":[462,218,461,460,62,264,262,463,464],"class_list":{"0":"post-1160","1":"product","2":"type-product","3":"status-publish","4":"has-post-thumbnail","6":"product_cat-cursos","7":"product_tag-armonia","8":"product_tag-espiritu","9":"product_tag-naturaleza","10":"product_tag-norteamerica","11":"product_tag-sabiduria","12":"product_tag-sociedad","13":"product_tag-tierra","14":"product_tag-totem","15":"product_tag-wakan-tanka","17":"first","18":"instock","19":"virtual","20":"sold-individually","21":"taxable","22":"purchasable","23":"product-type-simple"},"_links":{"self":[{"href":"https:\/\/www.centrosophia.com.mx\/academiaonline\/wp-json\/wp\/v2\/product\/1160","targetHints":{"allow":["GET"]}}],"collection":[{"href":"https:\/\/www.centrosophia.com.mx\/academiaonline\/wp-json\/wp\/v2\/product"}],"about":[{"href":"https:\/\/www.centrosophia.com.mx\/academiaonline\/wp-json\/wp\/v2\/types\/product"}],"replies":[{"embeddable":true,"href":"https:\/\/www.centrosophia.com.mx\/academiaonline\/wp-json\/wp\/v2\/comments?post=1160"}],"wp:featuredmedia":[{"embeddable":true,"href":"https:\/\/www.centrosophia.com.mx\/academiaonline\/wp-json\/wp\/v2\/media\/1168"}],"wp:attachment":[{"href":"https:\/\/www.centrosophia.com.mx\/academiaonline\/wp-json\/wp\/v2\/media?parent=1160"}],"wp:term":[{"taxonomy":"product_brand","embeddable":true,"href":"https:\/\/www.centrosophia.com.mx\/academiaonline\/wp-json\/wp\/v2\/product_brand?post=1160"},{"taxonomy":"product_cat","embeddable":true,"href":"https:\/\/www.centrosophia.com.mx\/academiaonline\/wp-json\/wp\/v2\/product_cat?post=1160"},{"taxonomy":"product_tag","embeddable":true,"href":"https:\/\/www.centrosophia.com.mx\/academiaonline\/wp-json\/wp\/v2\/product_tag?post=1160"}],"curies":[{"name":"wp","href":"https:\/\/api.w.org\/{rel}","templated":true}]}}