{"id":873,"date":"2023-01-05T20:02:38","date_gmt":"2023-01-05T20:02:38","guid":{"rendered":"https:\/\/www.centrosophia.com.mx\/academiaonline\/?post_type=product&#038;p=873"},"modified":"2023-01-05T20:04:01","modified_gmt":"2023-01-05T20:04:01","slug":"libro-la-influencia-de-la-musica-en-el-ser-humano","status":"publish","type":"product","link":"https:\/\/www.centrosophia.com.mx\/academiaonline\/tienda\/libros\/libro-la-influencia-de-la-musica-en-el-ser-humano\/","title":{"rendered":"Libro La Influencia de la M\u00fasica en el ser humano"},"content":{"rendered":"<div class=\"elementor-element elementor-element-4c433f4 elementor-widget elementor-widget-heading\" data-id=\"4c433f4\" data-element_type=\"widget\" data-widget_type=\"heading.default\">\n<div class=\"elementor-widget-container\">\n<h1 class=\"elementor-heading-title elementor-size-default\">La Influencia de la M\u00fasica en el ser humano<\/h1>\n<\/div>\n<\/div>\n<div class=\"elementor-element elementor-element-2d7dd75 elementor-widget elementor-widget-toggle\" data-id=\"2d7dd75\" data-element_type=\"widget\" data-widget_type=\"toggle.default\">\n<div class=\"elementor-widget-container\">\n<div class=\"elementor-toggle\" role=\"tablist\">\n<div class=\"elementor-toggle-item\">\n<h3 id=\"elementor-tab-title-4771\" class=\"elementor-tab-title elementor-active\" tabindex=\"0\" role=\"tab\" data-tab=\"1\" aria-controls=\"elementor-tab-content-4771\" aria-expanded=\"true\" aria-selected=\"true\"><strong>Catalina Simonet<\/strong><\/h3>\n<div class=\"elementor-tab-title elementor-active\" tabindex=\"0\" role=\"tab\" data-tab=\"1\" aria-controls=\"elementor-tab-content-4771\" aria-expanded=\"true\" aria-selected=\"true\"><\/div>\n<div id=\"elementor-tab-content-4771\" class=\"elementor-tab-content elementor-clearfix elementor-active\" role=\"tabpanel\" data-tab=\"1\" aria-labelledby=\"elementor-tab-title-4771\">\n<p>\u00bfTe sientes bien cuando escuchas m\u00fasica? \u00bfNotas c\u00f3mo te afecta el ritmo, la melod\u00eda o la armon\u00eda? \u00bfC\u00f3mo influye la m\u00fasica en nosotros? \u00bfPuede mejorar nuestra capacidad de concentraci\u00f3n? \u00bfNos puede ayudar a reflexionar? \u00bfPuede reequilibrar nuestros estado emocionales? \u00bfNos puede curar de una enfermedad? \u00bfEn qu\u00e9 medida es importante en la educaci\u00f3n infantil? Y, en fin, \u00bfc\u00f3mo influye la m\u00fasica en el ser humano?<\/p>\n<\/div>\n<\/div>\n<div class=\"elementor-toggle-item\">\n<div id=\"elementor-tab-title-4772\" class=\"elementor-tab-title elementor-active\" tabindex=\"0\" role=\"tab\" data-tab=\"2\" aria-controls=\"elementor-tab-content-4772\" aria-expanded=\"true\" aria-selected=\"true\"><\/div>\n<h3 tabindex=\"0\" role=\"tab\" data-tab=\"2\" aria-controls=\"elementor-tab-content-4772\" aria-expanded=\"true\" aria-selected=\"true\">Sobre la autora<\/h3>\n<div id=\"elementor-tab-content-4772\" class=\"elementor-tab-content elementor-clearfix elementor-active\" role=\"tabpanel\" data-tab=\"2\" aria-labelledby=\"elementor-tab-title-4772\">\n<p><strong>Catalina Simonet<\/strong>\u00a0naci\u00f3 en Palma de Mallorca. Es profesora de piano, licenciada en pedagog\u00eda del lenguaje musical y de la educaci\u00f3n musical desde 1996 dirige la escuela de m\u00fasica Renacimiento, e imparte clases en la especialidad de iniciaci\u00f3n musical, lenguaje musical y piano punto en su af\u00e1n pedag\u00f3gico ha escrito numerosos art\u00edculos divulgativos e impartido conferencias acerca de los efectos de la m\u00fasica en el ser humano y el fen\u00f3meno musical a lo largo de la historia.<\/p>\n<\/div>\n<\/div>\n<\/div>\n<\/div>\n<\/div>\n","protected":false},"excerpt":{"rendered":"<p>\u00bfTe sientes bien cuando escuchas m\u00fasica? \u00bfNotas c\u00f3mo te afecta el ritmo, la melod\u00eda o la armon\u00eda? \u00bfC\u00f3mo influye la m\u00fasica en nosotros? \u00bfPuede mejorar nuestra capacidad de concentraci\u00f3n? \u00bfNos puede ayudar a reflexionar? \u00bfPuede reequilibrar nuestros estado emocionales? \u00bfNos puede curar de una enfermedad? \u00bfEn qu\u00e9 medida es importante en la educaci\u00f3n infantil? Y, en fin, \u00bfc\u00f3mo influye la m\u00fasica en el ser humano?<\/p>\n","protected":false},"featured_media":875,"comment_status":"open","ping_status":"closed","template":"","meta":[],"product_brand":[],"product_cat":[102],"product_tag":[269,184,237,267,270,268],"class_list":{"0":"post-873","1":"product","2":"type-product","3":"status-publish","4":"has-post-thumbnail","6":"product_cat-libros","7":"product_tag-armonia-de-las-esferas","8":"product_tag-editorial-fundacion-sophia","9":"product_tag-ensenanza","10":"product_tag-musica","11":"product_tag-musicoterapia","12":"product_tag-pensamiento-musical","14":"first","15":"instock","16":"sale","17":"downloadable","18":"virtual","19":"taxable","20":"purchasable","21":"product-type-simple"},"_links":{"self":[{"href":"https:\/\/www.centrosophia.com.mx\/academiaonline\/wp-json\/wp\/v2\/product\/873","targetHints":{"allow":["GET"]}}],"collection":[{"href":"https:\/\/www.centrosophia.com.mx\/academiaonline\/wp-json\/wp\/v2\/product"}],"about":[{"href":"https:\/\/www.centrosophia.com.mx\/academiaonline\/wp-json\/wp\/v2\/types\/product"}],"replies":[{"embeddable":true,"href":"https:\/\/www.centrosophia.com.mx\/academiaonline\/wp-json\/wp\/v2\/comments?post=873"}],"wp:featuredmedia":[{"embeddable":true,"href":"https:\/\/www.centrosophia.com.mx\/academiaonline\/wp-json\/wp\/v2\/media\/875"}],"wp:attachment":[{"href":"https:\/\/www.centrosophia.com.mx\/academiaonline\/wp-json\/wp\/v2\/media?parent=873"}],"wp:term":[{"taxonomy":"product_brand","embeddable":true,"href":"https:\/\/www.centrosophia.com.mx\/academiaonline\/wp-json\/wp\/v2\/product_brand?post=873"},{"taxonomy":"product_cat","embeddable":true,"href":"https:\/\/www.centrosophia.com.mx\/academiaonline\/wp-json\/wp\/v2\/product_cat?post=873"},{"taxonomy":"product_tag","embeddable":true,"href":"https:\/\/www.centrosophia.com.mx\/academiaonline\/wp-json\/wp\/v2\/product_tag?post=873"}],"curies":[{"name":"wp","href":"https:\/\/api.w.org\/{rel}","templated":true}]}}