{"id":978,"date":"2023-03-14T19:36:31","date_gmt":"2023-03-14T19:36:31","guid":{"rendered":"https:\/\/www.centrosophia.com.mx\/academiaonline\/tienda\/sin%20categor\u00eda\/isis-y-la-mujer-en-el-antiguo-egipto\/"},"modified":"2024-11-22T18:01:43","modified_gmt":"2024-11-22T18:01:43","slug":"isis-y-la-mujer-en-el-antiguo-egipto","status":"publish","type":"product","link":"https:\/\/www.centrosophia.com.mx\/academiaonline\/tienda\/egiptologia\/isis-y-la-mujer-en-el-antiguo-egipto\/","title":{"rendered":"Isis y la mujer en el antiguo Egipto"},"content":{"rendered":"<pre class=\"sow-sub-headline\"><\/pre>\n<p>La diosa Isis fue el modelo de la mujer en Egipto: hermana y amiga, esposa, madre, reina, se\u00f1ora de la Magia. Conocer sus atributos y secretos es redescubrir el papel que jug\u00f3 la mujer en la sociedad egipcia. En este breve curso se profundizar\u00e1 en los diferentes roles que desempe\u00f1\u00f3 la mujer en el mundo fara\u00f3nico; los oficios que realiz\u00f3 y los derechos sociales que alcanzaron.<\/p>\n<p>A cargo de V\u00edctor Vilar \u2013 Mtro. en Filosof\u00eda por la UNED,\u00a0 Mtro. en Egiptolog\u00eda por la UAH y Director de Sophia &#8211; M\u00e9xico<\/p>\n","protected":false},"excerpt":{"rendered":"<p>La diosa Isis fue el modelo de la mujer en Egipto: hermana y amiga, esposa, madre, reina, se\u00f1ora de la &hellip; <\/p>\n","protected":false},"featured_media":983,"comment_status":"open","ping_status":"closed","template":"","meta":[],"product_brand":[],"product_cat":[42],"product_tag":[400,349,399,429,302,402,398,397,401],"class_list":{"0":"post-978","1":"product","2":"type-product","3":"status-publish","4":"has-post-thumbnail","6":"product_cat-egiptologia","7":"product_tag-companera","8":"product_tag-diosa","9":"product_tag-faraona","10":"product_tag-gobernante","11":"product_tag-isis","12":"product_tag-madre","13":"product_tag-maga","14":"product_tag-mujer","15":"product_tag-reina","17":"first","18":"instock","19":"virtual","20":"sold-individually","21":"taxable","22":"purchasable","23":"product-type-simple"},"_links":{"self":[{"href":"https:\/\/www.centrosophia.com.mx\/academiaonline\/wp-json\/wp\/v2\/product\/978","targetHints":{"allow":["GET"]}}],"collection":[{"href":"https:\/\/www.centrosophia.com.mx\/academiaonline\/wp-json\/wp\/v2\/product"}],"about":[{"href":"https:\/\/www.centrosophia.com.mx\/academiaonline\/wp-json\/wp\/v2\/types\/product"}],"replies":[{"embeddable":true,"href":"https:\/\/www.centrosophia.com.mx\/academiaonline\/wp-json\/wp\/v2\/comments?post=978"}],"wp:featuredmedia":[{"embeddable":true,"href":"https:\/\/www.centrosophia.com.mx\/academiaonline\/wp-json\/wp\/v2\/media\/983"}],"wp:attachment":[{"href":"https:\/\/www.centrosophia.com.mx\/academiaonline\/wp-json\/wp\/v2\/media?parent=978"}],"wp:term":[{"taxonomy":"product_brand","embeddable":true,"href":"https:\/\/www.centrosophia.com.mx\/academiaonline\/wp-json\/wp\/v2\/product_brand?post=978"},{"taxonomy":"product_cat","embeddable":true,"href":"https:\/\/www.centrosophia.com.mx\/academiaonline\/wp-json\/wp\/v2\/product_cat?post=978"},{"taxonomy":"product_tag","embeddable":true,"href":"https:\/\/www.centrosophia.com.mx\/academiaonline\/wp-json\/wp\/v2\/product_tag?post=978"}],"curies":[{"name":"wp","href":"https:\/\/api.w.org\/{rel}","templated":true}]}}